{"id":39,"date":"2020-07-20T12:26:13","date_gmt":"2020-07-20T12:26:13","guid":{"rendered":"https:\/\/wp.balletopera.com\/?page_id=39"},"modified":"2020-08-24T13:07:14","modified_gmt":"2020-08-24T11:07:14","slug":"cenicienta","status":"publish","type":"page","link":"https:\/\/balletopera.com\/index.php\/cenicienta\/","title":{"rendered":"\u00abCenicienta\u00bb"},"content":{"rendered":"\t\t<div data-elementor-type=\"wp-page\" data-elementor-id=\"39\" class=\"elementor elementor-39\">\n\t\t\t\t\t\t<section class=\"elementor-section elementor-top-section elementor-element elementor-element-12a187c elementor-section-boxed elementor-section-height-default elementor-section-height-default\" data-id=\"12a187c\" data-element_type=\"section\" data-e-type=\"section\">\n\t\t\t\t\t\t<div class=\"elementor-container elementor-column-gap-default\">\n\t\t\t\t\t<div class=\"elementor-column elementor-col-100 elementor-top-column elementor-element elementor-element-f4f4ba8\" data-id=\"f4f4ba8\" data-element_type=\"column\" data-e-type=\"column\">\n\t\t\t<div class=\"elementor-widget-wrap elementor-element-populated\">\n\t\t\t\t\t\t<div class=\"elementor-element elementor-element-c9773a8 elementor-widget elementor-widget-heading\" data-id=\"c9773a8\" data-element_type=\"widget\" data-e-type=\"widget\" data-widget_type=\"heading.default\">\n\t\t\t\t<div class=\"elementor-widget-container\">\n\t\t\t\t\t<h2 class=\"elementor-heading-title elementor-size-default\">CENICIENTA<\/h2>\t\t\t\t<\/div>\n\t\t\t\t<\/div>\n\t\t\t\t<section class=\"elementor-section elementor-inner-section elementor-element elementor-element-30ac516 elementor-section-boxed elementor-section-height-default elementor-section-height-default\" data-id=\"30ac516\" data-element_type=\"section\" data-e-type=\"section\">\n\t\t\t\t\t\t<div class=\"elementor-container elementor-column-gap-default\">\n\t\t\t\t\t<div class=\"elementor-column elementor-col-50 elementor-inner-column elementor-element elementor-element-a12eab0\" data-id=\"a12eab0\" data-element_type=\"column\" data-e-type=\"column\">\n\t\t\t<div class=\"elementor-widget-wrap elementor-element-populated\">\n\t\t\t\t\t\t<div class=\"elementor-element elementor-element-e1475c0 elementor-widget elementor-widget-text-editor\" data-id=\"e1475c0\" data-element_type=\"widget\" data-e-type=\"widget\" data-widget_type=\"text-editor.default\">\n\t\t\t\t<div class=\"elementor-widget-container\">\n\t\t\t\t\t\t\t\t\t<p>\u00abCenicienta\u00bb\u00a0 es un\u00a0 entretenido musical infantil . Tiene como hilo conductor al\u00a0 Hada Madrina y ella traer\u00e1 al escenario diferentes princesas en un intento por ayudar a Cenicienta a encontrar\u00a0 su zapatito de cristal.<\/p><p>El objetivo fundamental de este espect\u00e1culo es promover entre los ni\u00f1@os la ilusi\u00f3n y constancia por el trabajo.<\/p><p>Gui\u00f3n original del equipo de \u00d3pera. Realizado por Nova Dansa \u00d3pera .<\/p>\t\t\t\t\t\t\t\t<\/div>\n\t\t\t\t<\/div>\n\t\t\t\t\t<\/div>\n\t\t<\/div>\n\t\t\t\t<div class=\"elementor-column elementor-col-50 elementor-inner-column elementor-element elementor-element-0103792\" data-id=\"0103792\" data-element_type=\"column\" data-e-type=\"column\">\n\t\t\t<div class=\"elementor-widget-wrap elementor-element-populated\">\n\t\t\t\t\t\t<div class=\"elementor-element elementor-element-a048ec0 elementor-widget elementor-widget-image-gallery\" data-id=\"a048ec0\" data-element_type=\"widget\" data-e-type=\"widget\" data-widget_type=\"image-gallery.default\">\n\t\t\t\t<div class=\"elementor-widget-container\">\n\t\t\t\t\t\t\t<div class=\"elementor-image-gallery\">\n\t\t\t<div id='gallery-1' class='gallery galleryid-39 gallery-columns-2 gallery-size-medium_large'><figure class='gallery-item'>\n\t\t\t<div class='gallery-icon landscape'>\n\t\t\t\t<a data-elementor-open-lightbox=\"yes\" data-elementor-lightbox-slideshow=\"a048ec0\" data-elementor-lightbox-title=\"cenicienta 2\" data-e-action-hash=\"#elementor-action%3Aaction%3Dlightbox%26settings%3DeyJpZCI6MTA5NywidXJsIjoiaHR0cHM6XC9cL2JhbGxldG9wZXJhLmNvbVwvd3AtY29udGVudFwvdXBsb2Fkc1wvMjAyMFwvMDhcL2NlbmljaWVudGEtMi5qcGciLCJzbGlkZXNob3ciOiJhMDQ4ZWMwIn0%3D\" href='https:\/\/balletopera.com\/wp-content\/uploads\/2020\/08\/cenicienta-2.jpg'><img fetchpriority=\"high\" decoding=\"async\" width=\"768\" height=\"529\" src=\"https:\/\/balletopera.com\/wp-content\/uploads\/2020\/08\/cenicienta-2-768x529.jpg\" class=\"attachment-medium_large size-medium_large\" alt=\"\" srcset=\"https:\/\/balletopera.com\/wp-content\/uploads\/2020\/08\/cenicienta-2-768x529.jpg 768w, https:\/\/balletopera.com\/wp-content\/uploads\/2020\/08\/cenicienta-2-300x207.jpg 300w, https:\/\/balletopera.com\/wp-content\/uploads\/2020\/08\/cenicienta-2.jpg 960w\" sizes=\"(max-width: 768px) 100vw, 768px\" \/><\/a>\n\t\t\t<\/div><\/figure><figure class='gallery-item'>\n\t\t\t<div class='gallery-icon landscape'>\n\t\t\t\t<a data-elementor-open-lightbox=\"yes\" data-elementor-lightbox-slideshow=\"a048ec0\" data-elementor-lightbox-title=\"cenicienta 3\" data-e-action-hash=\"#elementor-action%3Aaction%3Dlightbox%26settings%3DeyJpZCI6MTA5OCwidXJsIjoiaHR0cHM6XC9cL2JhbGxldG9wZXJhLmNvbVwvd3AtY29udGVudFwvdXBsb2Fkc1wvMjAyMFwvMDhcL2NlbmljaWVudGEtMy5qcGciLCJzbGlkZXNob3ciOiJhMDQ4ZWMwIn0%3D\" href='https:\/\/balletopera.com\/wp-content\/uploads\/2020\/08\/cenicienta-3.jpg'><img decoding=\"async\" width=\"768\" height=\"529\" src=\"https:\/\/balletopera.com\/wp-content\/uploads\/2020\/08\/cenicienta-3-768x529.jpg\" class=\"attachment-medium_large size-medium_large\" alt=\"\" srcset=\"https:\/\/balletopera.com\/wp-content\/uploads\/2020\/08\/cenicienta-3-768x529.jpg 768w, https:\/\/balletopera.com\/wp-content\/uploads\/2020\/08\/cenicienta-3-300x207.jpg 300w, https:\/\/balletopera.com\/wp-content\/uploads\/2020\/08\/cenicienta-3.jpg 960w\" sizes=\"(max-width: 768px) 100vw, 768px\" \/><\/a>\n\t\t\t<\/div><\/figure><figure class='gallery-item'>\n\t\t\t<div class='gallery-icon landscape'>\n\t\t\t\t<a data-elementor-open-lightbox=\"yes\" data-elementor-lightbox-slideshow=\"a048ec0\" data-elementor-lightbox-title=\"RELOJES\" data-e-action-hash=\"#elementor-action%3Aaction%3Dlightbox%26settings%3DeyJpZCI6MTEwNCwidXJsIjoiaHR0cHM6XC9cL2JhbGxldG9wZXJhLmNvbVwvd3AtY29udGVudFwvdXBsb2Fkc1wvMjAyMFwvMDhcL1JFTE9KRVMuanBnIiwic2xpZGVzaG93IjoiYTA0OGVjMCJ9\" href='https:\/\/balletopera.com\/wp-content\/uploads\/2020\/08\/RELOJES.jpg'><img decoding=\"async\" width=\"768\" height=\"529\" src=\"https:\/\/balletopera.com\/wp-content\/uploads\/2020\/08\/RELOJES-768x529.jpg\" class=\"attachment-medium_large size-medium_large\" alt=\"\" srcset=\"https:\/\/balletopera.com\/wp-content\/uploads\/2020\/08\/RELOJES-768x529.jpg 768w, https:\/\/balletopera.com\/wp-content\/uploads\/2020\/08\/RELOJES-300x207.jpg 300w, https:\/\/balletopera.com\/wp-content\/uploads\/2020\/08\/RELOJES.jpg 960w\" sizes=\"(max-width: 768px) 100vw, 768px\" \/><\/a>\n\t\t\t<\/div><\/figure>\n\t\t<\/div>\n\t\t<\/div>\n\t\t\t\t\t\t<\/div>\n\t\t\t\t<\/div>\n\t\t\t\t\t<\/div>\n\t\t<\/div>\n\t\t\t\t\t<\/div>\n\t\t<\/section>\n\t\t\t\t<div class=\"elementor-element elementor-element-c1d1683 elementor-widget elementor-widget-video\" data-id=\"c1d1683\" data-element_type=\"widget\" data-e-type=\"widget\" data-settings=\"{&quot;youtube_url&quot;:&quot;https:\\\/\\\/www.youtube.com\\\/watch?v=uE-DjHxg5Ks&quot;,&quot;video_type&quot;:&quot;youtube&quot;,&quot;controls&quot;:&quot;yes&quot;}\" data-widget_type=\"video.default\">\n\t\t\t\t<div class=\"elementor-widget-container\">\n\t\t\t\t\t\t\t<div class=\"elementor-wrapper elementor-open-inline\">\n\t\t\t<div class=\"elementor-video\"><\/div>\t\t<\/div>\n\t\t\t\t\t\t<\/div>\n\t\t\t\t<\/div>\n\t\t\t\t\t<\/div>\n\t\t<\/div>\n\t\t\t\t\t<\/div>\n\t\t<\/section>\n\t\t\t\t<\/div>\n\t\t","protected":false},"excerpt":{"rendered":"<p>CENICIENTA \u00abCenicienta\u00bb&nbsp; es un&nbsp; entretenido musical infantil . Tiene como hilo conductor al&nbsp; Hada Madrina y ella traer\u00e1 al escenario diferentes princesas en un intento por ayudar a Cenicienta a encontrar&nbsp; su zapatito de cristal. El objetivo fundamental de este espect\u00e1culo es promover entre los ni\u00f1@os la ilusi\u00f3n y constancia por el trabajo. Gui\u00f3n original &#8230; <a title=\"\u00abCenicienta\u00bb\" class=\"read-more\" href=\"https:\/\/balletopera.com\/index.php\/cenicienta\/\">Leer&#8230;<\/a><\/p>\n","protected":false},"author":1,"featured_media":0,"parent":0,"menu_order":0,"comment_status":"closed","ping_status":"closed","template":"","meta":{"_joinchat":[],"footnotes":""},"class_list":["post-39","page","type-page","status-publish"],"_links":{"self":[{"href":"https:\/\/balletopera.com\/index.php\/wp-json\/wp\/v2\/pages\/39","targetHints":{"allow":["GET"]}}],"collection":[{"href":"https:\/\/balletopera.com\/index.php\/wp-json\/wp\/v2\/pages"}],"about":[{"href":"https:\/\/balletopera.com\/index.php\/wp-json\/wp\/v2\/types\/page"}],"author":[{"embeddable":true,"href":"https:\/\/balletopera.com\/index.php\/wp-json\/wp\/v2\/users\/1"}],"replies":[{"embeddable":true,"href":"https:\/\/balletopera.com\/index.php\/wp-json\/wp\/v2\/comments?post=39"}],"version-history":[{"count":8,"href":"https:\/\/balletopera.com\/index.php\/wp-json\/wp\/v2\/pages\/39\/revisions"}],"predecessor-version":[{"id":1282,"href":"https:\/\/balletopera.com\/index.php\/wp-json\/wp\/v2\/pages\/39\/revisions\/1282"}],"wp:attachment":[{"href":"https:\/\/balletopera.com\/index.php\/wp-json\/wp\/v2\/media?parent=39"}],"curies":[{"name":"wp","href":"https:\/\/api.w.org\/{rel}","templated":true}]}}