{"id":17,"date":"2020-07-20T12:11:02","date_gmt":"2020-07-20T12:11:02","guid":{"rendered":"https:\/\/wp.balletopera.com\/?page_id=17"},"modified":"2020-07-28T10:48:01","modified_gmt":"2020-07-28T08:48:01","slug":"contacto","status":"publish","type":"page","link":"https:\/\/balletopera.com\/index.php\/contacto\/","title":{"rendered":"CONTACTO"},"content":{"rendered":"\t\t<div data-elementor-type=\"wp-page\" data-elementor-id=\"17\" class=\"elementor elementor-17\">\n\t\t\t\t\t\t<section class=\"elementor-section elementor-top-section elementor-element elementor-element-6a09b44 elementor-hidden-phone elementor-section-boxed elementor-section-height-default elementor-section-height-default\" data-id=\"6a09b44\" data-element_type=\"section\" data-e-type=\"section\">\n\t\t\t\t\t\t<div class=\"elementor-container elementor-column-gap-default\">\n\t\t\t\t\t<div class=\"elementor-column elementor-col-100 elementor-top-column elementor-element elementor-element-c9698a7\" data-id=\"c9698a7\" data-element_type=\"column\" data-e-type=\"column\">\n\t\t\t<div class=\"elementor-widget-wrap elementor-element-populated\">\n\t\t\t\t\t\t<div class=\"elementor-element elementor-element-cd91965 elementor-absolute elementor-hidden-phone elementor-invisible elementor-widget elementor-widget-wp-widget-bcn_widget\" data-id=\"cd91965\" data-element_type=\"widget\" data-e-type=\"widget\" data-settings=\"{&quot;_animation&quot;:&quot;fadeInRight&quot;,&quot;_position&quot;:&quot;absolute&quot;}\" data-widget_type=\"wp-widget-bcn_widget.default\">\n\t\t\t\t<div class=\"elementor-widget-container\">\n\t\t\t\t\t<div class=\"breadcrumbs\" vocab=\"https:\/\/schema.org\/\" typeof=\"BreadcrumbList\"><span property=\"itemListElement\" typeof=\"ListItem\"><a property=\"item\" typeof=\"WebPage\" title=\"Ir a Ballet Opera.\" href=\"https:\/\/balletopera.com\" class=\"home\" aria-current=\"page\"><span property=\"name\">Ballet Opera<\/span><\/a><meta property=\"position\" content=\"1\"><\/span><\/div>\t\t\t\t<\/div>\n\t\t\t\t<\/div>\n\t\t\t\t\t<\/div>\n\t\t<\/div>\n\t\t\t\t\t<\/div>\n\t\t<\/section>\n\t\t\t\t<section class=\"elementor-section elementor-top-section elementor-element elementor-element-0b1f612 elementor-section-full_width elementor-section-content-top elementor-section-height-default elementor-section-height-default\" data-id=\"0b1f612\" data-element_type=\"section\" data-e-type=\"section\">\n\t\t\t\t\t\t<div class=\"elementor-container elementor-column-gap-no\">\n\t\t\t\t\t<div class=\"elementor-column elementor-col-100 elementor-top-column elementor-element elementor-element-193ede1\" data-id=\"193ede1\" data-element_type=\"column\" data-e-type=\"column\">\n\t\t\t<div class=\"elementor-widget-wrap elementor-element-populated\">\n\t\t\t\t\t\t<div class=\"elementor-element elementor-element-9b15965 elementor-widget__width-inherit elementor-widget elementor-widget-google_maps\" data-id=\"9b15965\" data-element_type=\"widget\" data-e-type=\"widget\" data-widget_type=\"google_maps.default\">\n\t\t\t\t<div class=\"elementor-widget-container\">\n\t\t\t\t\t\t\t<div class=\"elementor-custom-embed\">\n\t\t\t<iframe loading=\"lazy\"\n\t\t\t\t\tsrc=\"https:\/\/maps.google.com\/maps?q=Ballet%20Opera%2C%20Ontinyent&#038;t=m&#038;z=16&#038;output=embed&#038;iwloc=near\"\n\t\t\t\t\ttitle=\"Ballet Opera, Ontinyent\"\n\t\t\t\t\taria-label=\"Ballet Opera, Ontinyent\"\n\t\t\t><\/iframe>\n\t\t<\/div>\n\t\t\t\t\t\t<\/div>\n\t\t\t\t<\/div>\n\t\t\t\t\t<\/div>\n\t\t<\/div>\n\t\t\t\t\t<\/div>\n\t\t<\/section>\n\t\t\t\t<section class=\"elementor-section elementor-top-section elementor-element elementor-element-7ed0d19 elementor-section-boxed elementor-section-height-default elementor-section-height-default\" data-id=\"7ed0d19\" data-element_type=\"section\" data-e-type=\"section\">\n\t\t\t\t\t\t<div class=\"elementor-container elementor-column-gap-default\">\n\t\t\t\t\t<div class=\"elementor-column elementor-col-100 elementor-top-column elementor-element elementor-element-be1d153\" data-id=\"be1d153\" data-element_type=\"column\" data-e-type=\"column\">\n\t\t\t<div class=\"elementor-widget-wrap elementor-element-populated\">\n\t\t\t\t\t\t<section class=\"elementor-section elementor-inner-section elementor-element elementor-element-054c30e elementor-section-full_width elementor-section-height-default elementor-section-height-default\" data-id=\"054c30e\" data-element_type=\"section\" data-e-type=\"section\">\n\t\t\t\t\t\t<div class=\"elementor-container elementor-column-gap-no\">\n\t\t\t\t\t<div class=\"elementor-column elementor-col-50 elementor-inner-column elementor-element elementor-element-ae43689\" data-id=\"ae43689\" data-element_type=\"column\" data-e-type=\"column\">\n\t\t\t<div class=\"elementor-widget-wrap elementor-element-populated\">\n\t\t\t\t\t\t<div class=\"elementor-element elementor-element-ffb1743 elementor-widget elementor-widget-heading\" data-id=\"ffb1743\" data-element_type=\"widget\" data-e-type=\"widget\" data-widget_type=\"heading.default\">\n\t\t\t\t<div class=\"elementor-widget-container\">\n\t\t\t\t\t<h2 class=\"elementor-heading-title elementor-size-default\">Env\u00edanos  un mensaje<\/h2>\t\t\t\t<\/div>\n\t\t\t\t<\/div>\n\t\t\t\t<div class=\"elementor-element elementor-element-8cefeca elementor-widget elementor-widget-html\" data-id=\"8cefeca\" data-element_type=\"widget\" data-e-type=\"widget\" data-widget_type=\"html.default\">\n\t\t\t\t<div class=\"elementor-widget-container\">\n\t\t\t\t\t\n<div class=\"wpcf7 no-js\" id=\"wpcf7-f4-o1\" lang=\"es-ES\" dir=\"ltr\" data-wpcf7-id=\"4\">\n<div class=\"screen-reader-response\"><p role=\"status\" aria-live=\"polite\" aria-atomic=\"true\"><\/p> <ul><\/ul><\/div>\n<form action=\"\/index.php\/wp-json\/wp\/v2\/pages\/17#wpcf7-f4-o1\" method=\"post\" class=\"wpcf7-form init\" aria-label=\"Formulario de contacto\" novalidate=\"novalidate\" data-status=\"init\">\n<fieldset class=\"hidden-fields-container\"><input type=\"hidden\" name=\"_wpcf7\" value=\"4\" \/><input type=\"hidden\" name=\"_wpcf7_version\" value=\"6.1.5\" \/><input type=\"hidden\" name=\"_wpcf7_locale\" value=\"es_ES\" \/><input type=\"hidden\" name=\"_wpcf7_unit_tag\" value=\"wpcf7-f4-o1\" \/><input type=\"hidden\" name=\"_wpcf7_container_post\" value=\"0\" \/><input type=\"hidden\" name=\"_wpcf7_posted_data_hash\" value=\"\" \/><input type=\"hidden\" name=\"_wpcf7_recaptcha_response\" value=\"\" \/>\n<\/fieldset>\n<p><label><b> Nombre (requerido)<\/b><br \/>\n<span class=\"wpcf7-form-control-wrap\" data-name=\"your-name\"><input size=\"40\" maxlength=\"400\" class=\"wpcf7-form-control wpcf7-text wpcf7-validates-as-required\" aria-required=\"true\" aria-invalid=\"false\" value=\"\" type=\"text\" name=\"your-name\" \/><\/span> <\/label>\n<\/p>\n<p><label><b> Correo electr\u00f3nico (requerido)<\/b><br \/>\n<span class=\"wpcf7-form-control-wrap\" data-name=\"your-email\"><input size=\"40\" maxlength=\"400\" class=\"wpcf7-form-control wpcf7-email wpcf7-validates-as-required wpcf7-text wpcf7-validates-as-email\" aria-required=\"true\" aria-invalid=\"false\" value=\"\" type=\"email\" name=\"your-email\" \/><\/span> <\/label>\n<\/p>\n<p><label><b> Asunto<\/b><br \/>\n<span class=\"wpcf7-form-control-wrap\" data-name=\"your-subject\"><input size=\"40\" maxlength=\"400\" class=\"wpcf7-form-control wpcf7-text\" aria-invalid=\"false\" value=\"\" type=\"text\" name=\"your-subject\" \/><\/span> <\/label>\n<\/p>\n<p><label><b> Mensaje (requerido)<\/b><br \/>\n<span class=\"wpcf7-form-control-wrap\" data-name=\"your-message\"><textarea cols=\"40\" rows=\"10\" maxlength=\"2000\" class=\"wpcf7-form-control wpcf7-textarea\" aria-invalid=\"false\" name=\"your-message\"><\/textarea><\/span> <\/label>\n<\/p>\n<p><span class=\"wpcf7-form-control-wrap\" data-name=\"acceptance-499\"><span class=\"wpcf7-form-control wpcf7-acceptance\"><span class=\"wpcf7-list-item\"><label><input type=\"checkbox\" name=\"acceptance-499\" value=\"1\" aria-invalid=\"false\" \/><span class=\"wpcf7-list-item-label\">Estoy de acuerdo con las condiciones de uso del sitio y las acepto<\/span><\/label><\/span><\/span><\/span><br \/>\n<input class=\"wpcf7-form-control wpcf7-submit has-spinner\" type=\"submit\" value=\"Enviar\" \/>\n<\/p><div class=\"wpcf7-response-output\" aria-hidden=\"true\"><\/div>\n<\/form>\n<\/div>\n\t\t\t\t<\/div>\n\t\t\t\t<\/div>\n\t\t\t\t\t<\/div>\n\t\t<\/div>\n\t\t\t\t<div class=\"elementor-column elementor-col-50 elementor-inner-column elementor-element elementor-element-5704837\" data-id=\"5704837\" data-element_type=\"column\" data-e-type=\"column\">\n\t\t\t<div class=\"elementor-widget-wrap elementor-element-populated\">\n\t\t\t\t\t\t<div class=\"elementor-element elementor-element-be3d631 elementor-widget elementor-widget-heading\" data-id=\"be3d631\" data-element_type=\"widget\" data-e-type=\"widget\" data-widget_type=\"heading.default\">\n\t\t\t\t<div class=\"elementor-widget-container\">\n\t\t\t\t\t<h2 class=\"elementor-heading-title elementor-size-default\">Informaci\u00f3n de contacto<\/h2>\t\t\t\t<\/div>\n\t\t\t\t<\/div>\n\t\t\t\t<div class=\"elementor-element elementor-element-c9a77b4 elementor-widget elementor-widget-text-editor\" data-id=\"c9a77b4\" data-element_type=\"widget\" data-e-type=\"widget\" data-widget_type=\"text-editor.default\">\n\t\t\t\t<div class=\"elementor-widget-container\">\n\t\t\t\t\t\t\t\t\t<div class=\"col-md-12\">\n<div class=\"item-page\">\n<div class=\"row \">\n<div class=\"col-md-6 col-sm-6 \">\n\n<strong>Quiero ponerme en contacto con OPERA <\/strong>, Muy f\u00e1cil, puedes hacerlo por tel\u00e9fono o rellenando el formulario de contacto.\n<div class=\"row \">\n<div class=\"col-md-6 col-sm-6 \">\n<h4 class=\"box-icon-title mt20 mb20\">Direcci\u00f3n:<\/h4>\n<ul class=\"list-unstyled\">\n \t<img decoding=\"async\" src=\"https:\/\/wp.balletopera.com\/wp-content\/plugins\/speed-contact-bar\/public\/assets\/images\/address_dark.svg\" alt=\"Direcci\u00f3n postal\" width=\"24\" height=\"24\"><span>Manuel Sim\u00f3 Mar\u00edn ,n\u00ba 2, 46870 Ontinyent<\/span>\n<\/ul>\n<h4 class=\"box-icon-title mt20 mb20\">Facebook<\/h4>\n<ul class=\"list-unstyled\">\n \t<li><a href=\"https:\/\/www.facebook.com\/Ballet-%C3%93pera-Ontinyent-138965866161968\/?ref=page_internal\">Ballet \u00d3pera Ontinyent<\/a><\/li>\n \t<li><a href=\"https:\/\/www.facebook.com\/Nova-Dansa-%C3%93pera-128211450590307\/?ref=hl\">Nova Dansa \u00d3pera<\/a><\/li>\n \t<li><a href=\"https:\/\/www.facebook.com\/pages\/Centro-de-Danza-%C3%93pera\/209149192509718?ref=hl\">Centro de Danza \u00d3pera<\/a><\/li>\n<\/ul>\n<h4 class=\"box-icon-title mt20 mb20\">Email<\/h4>\n<ul class=\"list-unstyled\">\n \t<li><a rel=\"nofollow\" href=\"mailto:balletopera@balletopera.com\"><img decoding=\"async\" src=\"https:\/\/wp.balletopera.com\/wp-content\/plugins\/speed-contact-bar\/public\/assets\/images\/email_dark.svg\" alt=\"Correo electr\u00f3nico\" width=\"24\" height=\"24\"><span> balletopera@balletopera.com<\/span><\/a><\/li>\n<\/ul>\n<\/div>\n<div class=\"col-md-6 col-sm-6 \">\n<h4 class=\"box-icon-title mt20 mb20\">Tel\u00e9fonos<\/h4>\n<ul class=\"list-unstyled\">\n<li><a rel=\"nofollow\" href=\"tel:659257798650088\"><img decoding=\"async\" src=\"https:\/\/wp.balletopera.com\/wp-content\/plugins\/speed-contact-bar\/public\/assets\/images\/cellphone_dark.svg\" alt=\"N\u00famero de tel\u00e9fono celular\" width=\"24\" height=\"24\"><span> 650 08 89 82<\/span><\/a><\/li>\n \t<li><a rel=\"nofollow\" href=\"tel:659257798650088\"><img decoding=\"async\" src=\"https:\/\/wp.balletopera.com\/wp-content\/plugins\/speed-contact-bar\/public\/assets\/images\/cellphone_dark.svg\" alt=\"N\u00famero de tel\u00e9fono celular\" width=\"24\" height=\"24\"><span> 659 257 798<\/span><\/a><\/li>\n \t<li><a rel=\"nofollow\" href=\"tel:962387464\"><img loading=\"lazy\" decoding=\"async\" src=\"https:\/\/wp.balletopera.com\/wp-content\/plugins\/speed-contact-bar\/public\/assets\/images\/phone_dark.svg\" alt=\"N\u00famero de tel\u00e9fono\" width=\"24\" height=\"24\"><span> 96 238 74 64<\/span><\/a><\/li>\n<\/ul>\n<h4 class=\"box-icon-title mt20 mb20\">Horario de Atenci\u00f3n<\/h4>\n<ul class=\"list-unstyled\">\n \t<li>Lunes a Viernes: <strong>10:00 &#8211; 13:00 | 17:00 &#8211; 22:00<\/strong><\/li>\n \t<li>Sabado: <strong>10:00 &#8211; 13:00<\/strong><\/li>\n \t<li>Domingo: <strong>Cerrado<\/strong><\/li>\n<\/ul>\n<\/div>\n<\/div>\n<\/div>\n<\/div>\n<\/div>\n<\/div>\t\t\t\t\t\t\t\t<\/div>\n\t\t\t\t<\/div>\n\t\t\t\t\t<\/div>\n\t\t<\/div>\n\t\t\t\t\t<\/div>\n\t\t<\/section>\n\t\t\t\t\t<\/div>\n\t\t<\/div>\n\t\t\t\t\t<\/div>\n\t\t<\/section>\n\t\t\t\t<\/div>\n\t\t","protected":false},"excerpt":{"rendered":"<p>Env\u00edanos un mensaje Informaci\u00f3n de contacto Quiero ponerme en contacto con OPERA , Muy f\u00e1cil, puedes hacerlo por tel\u00e9fono o rellenando el formulario de contacto. Direcci\u00f3n: Manuel Sim\u00f3 Mar\u00edn ,n\u00ba 2, 46870 Ontinyent Facebook Ballet \u00d3pera Ontinyent Nova Dansa \u00d3pera Centro de Danza \u00d3pera Email balletopera@balletopera.com Tel\u00e9fonos 650 08 89 82 659 257 798 96 &#8230; <a title=\"CONTACTO\" class=\"read-more\" href=\"https:\/\/balletopera.com\/index.php\/contacto\/\">Leer&#8230;<\/a><\/p>\n","protected":false},"author":1,"featured_media":0,"parent":0,"menu_order":0,"comment_status":"closed","ping_status":"closed","template":"","meta":{"_joinchat":[],"footnotes":""},"class_list":["post-17","page","type-page","status-publish"],"_links":{"self":[{"href":"https:\/\/balletopera.com\/index.php\/wp-json\/wp\/v2\/pages\/17","targetHints":{"allow":["GET"]}}],"collection":[{"href":"https:\/\/balletopera.com\/index.php\/wp-json\/wp\/v2\/pages"}],"about":[{"href":"https:\/\/balletopera.com\/index.php\/wp-json\/wp\/v2\/types\/page"}],"author":[{"embeddable":true,"href":"https:\/\/balletopera.com\/index.php\/wp-json\/wp\/v2\/users\/1"}],"replies":[{"embeddable":true,"href":"https:\/\/balletopera.com\/index.php\/wp-json\/wp\/v2\/comments?post=17"}],"version-history":[{"count":21,"href":"https:\/\/balletopera.com\/index.php\/wp-json\/wp\/v2\/pages\/17\/revisions"}],"predecessor-version":[{"id":761,"href":"https:\/\/balletopera.com\/index.php\/wp-json\/wp\/v2\/pages\/17\/revisions\/761"}],"wp:attachment":[{"href":"https:\/\/balletopera.com\/index.php\/wp-json\/wp\/v2\/media?parent=17"}],"curies":[{"name":"wp","href":"https:\/\/api.w.org\/{rel}","templated":true}]}}