{"id":1289,"date":"2020-08-24T13:21:59","date_gmt":"2020-08-24T11:21:59","guid":{"rendered":"https:\/\/wp.balletopera.com\/?page_id=1289"},"modified":"2024-06-06T20:55:29","modified_gmt":"2024-06-06T18:55:29","slug":"instancias-para-descargar","status":"publish","type":"page","link":"https:\/\/balletopera.com\/index.php\/instancias-para-descargar\/","title":{"rendered":"Instancias &#8211; descargas"},"content":{"rendered":"\t\t<div data-elementor-type=\"wp-page\" data-elementor-id=\"1289\" class=\"elementor elementor-1289\">\n\t\t\t\t\t\t<section class=\"elementor-section elementor-top-section elementor-element elementor-element-1ee2f07 elementor-section-boxed elementor-section-height-default elementor-section-height-default\" data-id=\"1ee2f07\" data-element_type=\"section\" data-e-type=\"section\">\n\t\t\t\t\t\t<div class=\"elementor-container elementor-column-gap-default\">\n\t\t\t\t\t<div class=\"elementor-column elementor-col-100 elementor-top-column elementor-element elementor-element-61505cd\" data-id=\"61505cd\" data-element_type=\"column\" data-e-type=\"column\">\n\t\t\t<div class=\"elementor-widget-wrap elementor-element-populated\">\n\t\t\t\t\t\t\t<\/div>\n\t\t<\/div>\n\t\t\t\t\t<\/div>\n\t\t<\/section>\n\t\t\t\t<section class=\"elementor-section elementor-top-section elementor-element elementor-element-8789eba elementor-section-boxed elementor-section-height-default elementor-section-height-default\" data-id=\"8789eba\" data-element_type=\"section\" data-e-type=\"section\">\n\t\t\t\t\t\t<div class=\"elementor-container elementor-column-gap-default\">\n\t\t\t\t\t<div class=\"elementor-column elementor-col-100 elementor-top-column elementor-element elementor-element-ed4861c\" data-id=\"ed4861c\" data-element_type=\"column\" data-e-type=\"column\">\n\t\t\t<div class=\"elementor-widget-wrap elementor-element-populated\">\n\t\t\t\t\t\t<div class=\"elementor-element elementor-element-a481baf elementor-widget elementor-widget-html\" data-id=\"a481baf\" data-element_type=\"widget\" data-e-type=\"widget\" data-widget_type=\"html.default\">\n\t\t\t\t<div class=\"elementor-widget-container\">\n\t\t\t\t\t<div class=\"instance-div\" style=\"text-align: right; width: 70%;\">\n    <span class=\"has-inline-color\"  style=\"color: #bf0839; \"><b>Matr\u00edcula general <\/b><\/span>\n<a href=\"https:\/\/balletopera.com\/?smd_process_download=1&download_id=965\" class=\"sdm_download green\"  title=\"Matr\u00edcula general\" target=\"_blank\">Pinchar aqu\u00ed<\/a>\n<\/div>\t\t\t\t<\/div>\n\t\t\t\t<\/div>\n\t\t\t\t<div class=\"elementor-element elementor-element-1b6cff6 elementor-widget elementor-widget-html\" data-id=\"1b6cff6\" data-element_type=\"widget\" data-e-type=\"widget\" data-widget_type=\"html.default\">\n\t\t\t\t<div class=\"elementor-widget-container\">\n\t\t\t\t\t<div class=\"instance-div\" style=\"text-align: right; width: 70%;\">\n    <span class=\"has-inline-color\"  style=\"color: #bf0839; \"><b> Solicitud de ingreso y acceso a las ense\u00f1anzas elementales.<\/b><\/span>\n<a href=\"https:\/\/balletopera.com\/?smd_process_download=1&download_id=5653\" class=\"sdm_download green\" title=\"Solicitud de ingreso y acceso a las ense\u00f1anzas elementales.\" target=\"_blank\">Pinchar aqu\u00ed<\/a>\n<\/div>\t\t\t\t<\/div>\n\t\t\t\t<\/div>\n\t\t\t\t<div class=\"elementor-element elementor-element-3fd58e3 elementor-widget elementor-widget-html\" data-id=\"3fd58e3\" data-element_type=\"widget\" data-e-type=\"widget\" data-widget_type=\"html.default\">\n\t\t\t\t<div class=\"elementor-widget-container\">\n\t\t\t\t\t<div class=\"instance-div\" style=\"text-align: right; width: 70%;\">\n    <span class=\"has-inline-color\"  style=\"color: #bf0839; \"><b>Matr\u00edcula Ense\u00f1anzas Elementales \/ Ensenyances Elementals<\/b><\/span>\n<a href=\"https:\/\/balletopera.com\/?smd_process_download=1&download_id=867\" class=\"sdm_download green\" title=\"Matr\u00edcula Ense\u00f1anza Elementales \/ Ensenyances Elementals\" target=\"_blank\">Pinchar aqu\u00ed<\/a>\n<\/div>\t\t\t\t<\/div>\n\t\t\t\t<\/div>\n\t\t\t\t<div class=\"elementor-element elementor-element-ad5e41d elementor-widget elementor-widget-html\" data-id=\"ad5e41d\" data-element_type=\"widget\" data-e-type=\"widget\" data-widget_type=\"html.default\">\n\t\t\t\t<div class=\"elementor-widget-container\">\n\t\t\t\t\t<div class=\"instance-div\" style=\"text-align: right; width: 70%;\">\n    <span class=\"has-inline-color\"  style=\"color: #bf0839; \"><b>Domiciliaci\u00f3n bancaria<\/b><\/span>\n<a href=\"https:\/\/balletopera.com\/?smd_process_download=1&download_id=1294\" class=\"sdm_download green\" title=\"Domiciliaci\u00f3n bancaria.\" target=\"_blank\">Pinchar aqu\u00ed<\/a>\n<\/div>\t\t\t\t<\/div>\n\t\t\t\t<\/div>\n\t\t\t\t<div class=\"elementor-element elementor-element-099e275 elementor-widget elementor-widget-html\" data-id=\"099e275\" data-element_type=\"widget\" data-e-type=\"widget\" data-widget_type=\"html.default\">\n\t\t\t\t<div class=\"elementor-widget-container\">\n\t\t\t\t\t<div class=\"instance-div\" style=\"text-align: right; width: 70%;\">\n    <span class=\"has-inline-color\"  style=\"color: #bf0839; \"><b> Solicitud general secretaria<\/b><\/span>\n<a href=\"https:\/\/balletopera.com\/?smd_process_download=1&download_id=1523\" class=\"sdm_download green\" title=\"Inscripci\u00f3n a pruebas con edad menor a lo establecido\" target=\"_blank\">Pinchar aqu\u00ed<\/a>\n<\/div>\t\t\t\t<\/div>\n\t\t\t\t<\/div>\n\t\t\t\t<div class=\"elementor-element elementor-element-2bf7dc0 elementor-widget elementor-widget-html\" data-id=\"2bf7dc0\" data-element_type=\"widget\" data-e-type=\"widget\" data-widget_type=\"html.default\">\n\t\t\t\t<div class=\"elementor-widget-container\">\n\t\t\t\t\t<div class=\"instance-div\" style=\"text-align: right; width: 70%;\">\n    <span class=\"has-inline-color\"  style=\"color: #bf0839; \"><b>Secretaria tramites generales<\/b><\/span>\n<a href=\"https:\/\/balletopera.com\/?smd_process_download=1&download_id=1523\" class=\"sdm_download green\" title=\"Matr\u00edcula Ense\u00f1anza Elementales \/ Ensenyances Elementals\" target=\"_blank\">Pinchar aqu\u00ed<\/a>\n<\/div>\t\t\t\t<\/div>\n\t\t\t\t<\/div>\n\t\t\t\t<div class=\"elementor-element elementor-element-7d0c27f elementor-widget elementor-widget-html\" data-id=\"7d0c27f\" data-element_type=\"widget\" data-e-type=\"widget\" data-widget_type=\"html.default\">\n\t\t\t\t<div class=\"elementor-widget-container\">\n\t\t\t\t\t<div class=\"instance-div\" style=\"text-align: right; width: 70%;\">\n    <span class=\"has-inline-color\"  style=\"color: #bf0839; \"><b>Ampliaci\u00f3n  matr\u00edcula<\/b><\/span>\n<a href=\"https:\/\/balletopera.com\/?smd_process_download=1&download_id=1297\" class=\"sdm_download green\" title=\"Ampliaci\u00f3n  matr\u00edcula\" target=\"_blank\">Pinchar aqu\u00ed<\/a>\n<\/div>\t\t\t\t<\/div>\n\t\t\t\t<\/div>\n\t\t\t\t<div class=\"elementor-element elementor-element-d07a877 elementor-widget elementor-widget-html\" data-id=\"d07a877\" data-element_type=\"widget\" data-e-type=\"widget\" data-widget_type=\"html.default\">\n\t\t\t\t<div class=\"elementor-widget-container\">\n\t\t\t\t\t<div class=\"instance-div\" style=\"text-align: right; width: 70%;\">\n    <span class=\"has-inline-color\"  style=\"color: #bf0839; \"><b>Renuncia a la matr\u00edcula<\/b><\/span>\n<a href=\"https:\/\/balletopera.com\/?smd_process_download=1&download_id=1984\" class=\"sdm_download green\" title=\"Renuncia a la matr\u00edcula.\" target=\"_blank\">Pinchar aqu\u00ed<\/a>\n<\/div>\t\t\t\t<\/div>\n\t\t\t\t<\/div>\n\t\t\t\t<div class=\"elementor-element elementor-element-51f1686 elementor-widget elementor-widget-html\" data-id=\"51f1686\" data-element_type=\"widget\" data-e-type=\"widget\" data-widget_type=\"html.default\">\n\t\t\t\t<div class=\"elementor-widget-container\">\n\t\t\t\t\t<div class=\"instance-div\" style=\"text-align: right; width: 70%;\">\n    <span class=\"has-inline-color\"  style=\"color: #bf0839; \"><b>Ampliaci\u00f3n excepcional l\u00edmite de permanencia<\/b><\/span>\n<a href=\"https:\/\/balletopera.com\/?smd_process_download=1&download_id=1297\" class=\"sdm_download green\" title=\"Ampliaci\u00f3n excepcional l\u00edmite de permanencia\" target=\"_blank\">Pinchar aqu\u00ed<\/a>\n<\/div>\t\t\t\t<\/div>\n\t\t\t\t<\/div>\n\t\t\t\t<div class=\"elementor-element elementor-element-ad586c8 elementor-widget elementor-widget-html\" data-id=\"ad586c8\" data-element_type=\"widget\" data-e-type=\"widget\" data-widget_type=\"html.default\">\n\t\t\t\t<div class=\"elementor-widget-container\">\n\t\t\t\t\t<div class=\"instance-div\" style=\"text-align: right; width: 70%;\">\n    <span class=\"has-inline-color\"  style=\"color: #bf0839; \"><b>Inscripci\u00f3n a pruebas con edad mayor a lo establecido<\/b><\/span>\n<a href=\"https:\/\/balletopera.com\/?smd_process_download=1&download_id=1497\" class=\"sdm_download green\" title=\"Inscripci\u00f3n a pruebas con edad mayor a lo establecido\" target=\"_blank\">Pinchar aqu\u00ed<\/a>\n<\/div>\t\t\t\t<\/div>\n\t\t\t\t<\/div>\n\t\t\t\t<div class=\"elementor-element elementor-element-588b4ca elementor-widget elementor-widget-html\" data-id=\"588b4ca\" data-element_type=\"widget\" data-e-type=\"widget\" data-widget_type=\"html.default\">\n\t\t\t\t<div class=\"elementor-widget-container\">\n\t\t\t\t\t<div class=\"instance-div\" style=\"text-align: right; width: 70%;\">\n    <span class=\"has-inline-color\"  style=\"color: #bf0839; \"><b> Inscripcion a pruebas con edad menor a lo establecido<\/b><\/span>\n<a href=\"https:\/\/balletopera.com\/?smd_process_download=1&download_id=1502\" class=\"sdm_download green\" title=\"Inscripci\u00f3n a pruebas con edad menor a lo establecido\" target=\"_blank\">Pinchar aqu\u00ed<\/a>\n<\/div>\t\t\t\t<\/div>\n\t\t\t\t<\/div>\n\t\t\t\t\t<\/div>\n\t\t<\/div>\n\t\t\t\t\t<\/div>\n\t\t<\/section>\n\t\t\t\t<\/div>\n\t\t","protected":false},"excerpt":{"rendered":"<p>Matr\u00edcula general Pinchar aqu\u00ed Solicitud de ingreso y acceso a las ense\u00f1anzas elementales. Pinchar aqu\u00ed Matr\u00edcula Ense\u00f1anzas Elementales \/ Ensenyances Elementals Pinchar aqu\u00ed Domiciliaci\u00f3n bancaria Pinchar aqu\u00ed Solicitud general secretaria Pinchar aqu\u00ed Secretaria tramites generales Pinchar aqu\u00ed Ampliaci\u00f3n matr\u00edcula Pinchar aqu\u00ed Renuncia a la matr\u00edcula Pinchar aqu\u00ed Ampliaci\u00f3n excepcional l\u00edmite de permanencia Pinchar aqu\u00ed Inscripci\u00f3n &#8230; <a title=\"Instancias &#8211; descargas\" class=\"read-more\" href=\"https:\/\/balletopera.com\/index.php\/instancias-para-descargar\/\">Leer&#8230;<\/a><\/p>\n","protected":false},"author":2,"featured_media":0,"parent":0,"menu_order":0,"comment_status":"closed","ping_status":"closed","template":"","meta":{"_joinchat":[],"footnotes":""},"class_list":["post-1289","page","type-page","status-publish"],"_links":{"self":[{"href":"https:\/\/balletopera.com\/index.php\/wp-json\/wp\/v2\/pages\/1289","targetHints":{"allow":["GET"]}}],"collection":[{"href":"https:\/\/balletopera.com\/index.php\/wp-json\/wp\/v2\/pages"}],"about":[{"href":"https:\/\/balletopera.com\/index.php\/wp-json\/wp\/v2\/types\/page"}],"author":[{"embeddable":true,"href":"https:\/\/balletopera.com\/index.php\/wp-json\/wp\/v2\/users\/2"}],"replies":[{"embeddable":true,"href":"https:\/\/balletopera.com\/index.php\/wp-json\/wp\/v2\/comments?post=1289"}],"version-history":[{"count":71,"href":"https:\/\/balletopera.com\/index.php\/wp-json\/wp\/v2\/pages\/1289\/revisions"}],"predecessor-version":[{"id":5665,"href":"https:\/\/balletopera.com\/index.php\/wp-json\/wp\/v2\/pages\/1289\/revisions\/5665"}],"wp:attachment":[{"href":"https:\/\/balletopera.com\/index.php\/wp-json\/wp\/v2\/media?parent=1289"}],"curies":[{"name":"wp","href":"https:\/\/api.w.org\/{rel}","templated":true}]}}