{"id":1281,"date":"2020-08-24T13:10:28","date_gmt":"2020-08-24T11:10:28","guid":{"rendered":"https:\/\/wp.balletopera.com\/?page_id=1281"},"modified":"2020-08-24T13:13:03","modified_gmt":"2020-08-24T11:13:03","slug":"ventafocs","status":"publish","type":"page","link":"https:\/\/balletopera.com\/index.php\/ca\/ventafocs\/","title":{"rendered":"\u00abVentafocs\u00bb"},"content":{"rendered":"\t\t<div data-elementor-type=\"wp-page\" data-elementor-id=\"1281\" class=\"elementor elementor-1281\">\n\t\t\t\t\t\t<section class=\"elementor-section elementor-top-section elementor-element elementor-element-12a187c elementor-section-boxed elementor-section-height-default elementor-section-height-default\" data-id=\"12a187c\" data-element_type=\"section\" data-e-type=\"section\">\n\t\t\t\t\t\t<div class=\"elementor-container elementor-column-gap-default\">\n\t\t\t\t\t<div class=\"elementor-column elementor-col-100 elementor-top-column elementor-element elementor-element-f4f4ba8\" data-id=\"f4f4ba8\" data-element_type=\"column\" data-e-type=\"column\">\n\t\t\t<div class=\"elementor-widget-wrap elementor-element-populated\">\n\t\t\t\t\t\t<div class=\"elementor-element elementor-element-c9773a8 elementor-widget elementor-widget-heading\" data-id=\"c9773a8\" data-element_type=\"widget\" data-e-type=\"widget\" data-widget_type=\"heading.default\">\n\t\t\t\t<div class=\"elementor-widget-container\">\n\t\t\t\t\t<h2 class=\"elementor-heading-title elementor-size-default\"><font style=\"vertical-align: inherit\"><font style=\"vertical-align: inherit\"><font style=\"vertical-align: inherit\"><font style=\"vertical-align: inherit\">VENTAFOCS<\/font><\/font><\/font><\/font><font style=\"vertical-align: inherit\"><\/font><\/h2>\t\t\t\t<\/div>\n\t\t\t\t<\/div>\n\t\t\t\t<section class=\"elementor-section elementor-inner-section elementor-element elementor-element-30ac516 elementor-section-boxed elementor-section-height-default elementor-section-height-default\" data-id=\"30ac516\" data-element_type=\"section\" data-e-type=\"section\">\n\t\t\t\t\t\t<div class=\"elementor-container elementor-column-gap-default\">\n\t\t\t\t\t<div class=\"elementor-column elementor-col-50 elementor-inner-column elementor-element elementor-element-a12eab0\" data-id=\"a12eab0\" data-element_type=\"column\" data-e-type=\"column\">\n\t\t\t<div class=\"elementor-widget-wrap elementor-element-populated\">\n\t\t\t\t\t\t<div class=\"elementor-element elementor-element-e1475c0 elementor-widget elementor-widget-text-editor\" data-id=\"e1475c0\" data-element_type=\"widget\" data-e-type=\"widget\" data-widget_type=\"text-editor.default\">\n\t\t\t\t<div class=\"elementor-widget-container\">\n\t\t\t\t\t\t\t\t\t<p>\u00abVentafocs\u00bb\u00a0 \u00e9s un\u00a0 entretingut musical infantil . T\u00e9 com a fil conductor a la\u00a0 Fada Padrina i ella portar\u00e0 a l&#8217;escenari diferents princeses en un intent per ajudar a Ventafocs a trobar\u00a0 el seu *zapatito de cristal.<\/p><p>L&#8217;objectiu fonamental d&#8217;aquest espectacle \u00e9s promoure entre els\u00a0 xiquets\u00a0 la il\u00b7lusi\u00f3 i const\u00e0ncia pel treball.<\/p><p>Gui\u00f3 original de l&#8217;equip d&#8217;\u00d2pera. Realitzat per Nova *Dansa \u00d2pera .<\/p>\t\t\t\t\t\t\t\t<\/div>\n\t\t\t\t<\/div>\n\t\t\t\t\t<\/div>\n\t\t<\/div>\n\t\t\t\t<div class=\"elementor-column elementor-col-50 elementor-inner-column elementor-element elementor-element-0103792\" data-id=\"0103792\" data-element_type=\"column\" data-e-type=\"column\">\n\t\t\t<div class=\"elementor-widget-wrap elementor-element-populated\">\n\t\t\t\t\t\t<div class=\"elementor-element elementor-element-a048ec0 elementor-widget elementor-widget-image-gallery\" data-id=\"a048ec0\" data-element_type=\"widget\" data-e-type=\"widget\" data-widget_type=\"image-gallery.default\">\n\t\t\t\t<div class=\"elementor-widget-container\">\n\t\t\t\t\t\t\t<div class=\"elementor-image-gallery\">\n\t\t\t\t\t<\/div>\n\t\t\t\t\t\t<\/div>\n\t\t\t\t<\/div>\n\t\t\t\t\t<\/div>\n\t\t<\/div>\n\t\t\t\t\t<\/div>\n\t\t<\/section>\n\t\t\t\t<div class=\"elementor-element elementor-element-c1d1683 elementor-widget elementor-widget-video\" data-id=\"c1d1683\" data-element_type=\"widget\" data-e-type=\"widget\" data-settings=\"{&quot;youtube_url&quot;:&quot;https:\\\/\\\/www.youtube.com\\\/watch?v=uE-DjHxg5Ks&quot;,&quot;video_type&quot;:&quot;youtube&quot;,&quot;controls&quot;:&quot;yes&quot;}\" data-widget_type=\"video.default\">\n\t\t\t\t<div class=\"elementor-widget-container\">\n\t\t\t\t\t\t\t<div class=\"elementor-wrapper elementor-open-inline\">\n\t\t\t<div class=\"elementor-video\"><\/div>\t\t<\/div>\n\t\t\t\t\t\t<\/div>\n\t\t\t\t<\/div>\n\t\t\t\t\t<\/div>\n\t\t<\/div>\n\t\t\t\t\t<\/div>\n\t\t<\/section>\n\t\t\t\t<\/div>\n\t\t","protected":false},"excerpt":{"rendered":"<p>VENTAFOCS \u00abVentafocs\u00bb\u00a0 \u00e9s un\u00a0 entretingut musical infantil . T\u00e9 com a fil conductor a la\u00a0 Fada Padrina i ella portar\u00e0 a l&#8217;escenari diferents princeses en un intent per ajudar a Ventafocs a trobar\u00a0 el seu *zapatito de cristal. L&#8217;objectiu fonamental d&#8217;aquest espectacle \u00e9s promoure entre els\u00a0 xiquets\u00a0 la il\u00b7lusi\u00f3 i const\u00e0ncia pel treball. Gui\u00f3 original &#8230; <a title=\"\u00abVentafocs\u00bb\" class=\"read-more\" href=\"https:\/\/balletopera.com\/index.php\/ca\/ventafocs\/\">Leer&#8230;<\/a><\/p>\n","protected":false},"author":2,"featured_media":0,"parent":0,"menu_order":0,"comment_status":"closed","ping_status":"closed","template":"","meta":{"_joinchat":[],"footnotes":""},"class_list":["post-1281","page","type-page","status-publish"],"_links":{"self":[{"href":"https:\/\/balletopera.com\/index.php\/wp-json\/wp\/v2\/pages\/1281","targetHints":{"allow":["GET"]}}],"collection":[{"href":"https:\/\/balletopera.com\/index.php\/wp-json\/wp\/v2\/pages"}],"about":[{"href":"https:\/\/balletopera.com\/index.php\/wp-json\/wp\/v2\/types\/page"}],"author":[{"embeddable":true,"href":"https:\/\/balletopera.com\/index.php\/wp-json\/wp\/v2\/users\/2"}],"replies":[{"embeddable":true,"href":"https:\/\/balletopera.com\/index.php\/wp-json\/wp\/v2\/comments?post=1281"}],"version-history":[{"count":3,"href":"https:\/\/balletopera.com\/index.php\/wp-json\/wp\/v2\/pages\/1281\/revisions"}],"predecessor-version":[{"id":1285,"href":"https:\/\/balletopera.com\/index.php\/wp-json\/wp\/v2\/pages\/1281\/revisions\/1285"}],"wp:attachment":[{"href":"https:\/\/balletopera.com\/index.php\/wp-json\/wp\/v2\/media?parent=1281"}],"curies":[{"name":"wp","href":"https:\/\/api.w.org\/{rel}","templated":true}]}}